alculate the remainder when 923229 is divided by 5918.
21
What is the remainder when 1531777 is divided by 58?
55
Calculate the remainder when 1195454 is divided by 222.
206
What is the remainder when 77135722 is divided by 2488249?
3
What is the remainder when 2066186 is divided by 71247?
23
Calculate the remainder when 151396 is divided by 149699.
1697
What is the remainder when 42624 is divided by 2868?
2472
What is the remainder when 5456104 is divided by 16788?
4
What is the remainder when 5098229 is divided by 1699404?
17
What is the remainder when 326707 is divided by 39?
4
Calculate the remainder when 57864 is divided by 1607.
12
Calculate the remainder when 92758 is divided by 472.
246
Calculate the remainder when 847377 is divided by 282417.
126
What is the remainder when 306039 is divided by 605?
514
What is the remainder when 2491 is divided by 1441?
1050
Calculate the remainder when 784050 is divided by 56.
50
Calculate the remainder when 19819 is divided by 1652.
1647
What is the remainder when 795386 is divided by 315?
11
What is the remainder when 255591 is divided by 127787?
17
Calculate the remainder when 1172547 is divided by 264.
123
Calculate the remainder when 3154 is divided by 246.
202
What is the remainder when 5141 is divided by 569?
20
Calculate the remainder when 891457 is divided by 109.
55
What is the remainder when 6670026 is divided by 13314?
13026
What is the remainder when 1337616124 is divided by 594?
592
What is the remainder when 478410 is divided by 8850?
510
What is the remainder when 15080394 is divided by 5026782?
48
Calculate the remainder when 7058405 is divided by 853.
683
Calculate the remainder when 425634941 is divided by 371.
368
Calculate the remainder when 17842849 is divided by 5947576.
121
Calculate the remainder when 213791 is divided by 1843.
3
What is the remainder when 9883045 is divided by 9067?
15
Calculate the remainder when 5786 is divided by 522.
44
What is the remainder when 169152 is divided by 376?
328
Calculate the remainder when 11403351 is divided by 1516.
1515
Calculate the remainder when 7599054 is divided by 6534.
12
Calculate the remainder when 1036025 is divided by 1517.
1431
What is the remainder when 368752 is divided by 26327?
174
Calculate the remainder when 284735 is divided by 94515.
1190
What is the remainder when 4201 is divided by 733?
536
What is the remainder when 59228 is divided by 974?
788
What is the remainder when 181871 is divided by 30267?
269
Calculate the remainder when 39917154 is divided by 43.
39
Calculate the remainder when 1079110 is divided by 302.
64
What is the remainder when 54988161 is divided by 4?
1
Calculate the remainder when 94756 is divided by 1164.
472
Calculate the remainder when 103725635 is divided by 17.
16
What is the remainder when 147262766 is divided by 161119?
0
What is the remainder when 468075295 is divided by 2300?
2295
Calculate the remainder when 299315 is divided by 49872.
83
What is the remainder when 35982 is divided by 4814?
2284
Calculate the remainder when 28776 is divided by 227.
174
What is the remainder when 505574 is divided by 42109?
266
What is the remainder when 29135144 is divided by 13?
12
What is the remainder when 200542 is divided by 28406?
1700
Calculate the remainder when 875330 is divided by 437579.
172
What is the remainder when 489530 is divided by 121819?
2254
What is the remainder when 19458993 is divided by 580?
573
What is the remainder when 60098 is divided by 19139?
2681
Calculate the remainder when 307684 is divided by 6.
4
Calculate the remainder when 23715 is divided by 1072.
131
What is the remainder when 3198324 is divided by 266516?
132
Calculate the remainder when 20979642 is divided by 1917.
1911
What is the remainder when 267753258 is divided by 43?
41
What is the remainder when 141782 is divided by 46642?
1856
What is the remainder when 91395 is divided by 10?
5
Calculate the remainder when 2954075 is divided by 342.
221
Calculate the remainder when 7296258 is divided by 1538.
1524
What is the remainder when 1424426 is divided by 218?
14
Calculate the remainder when 24602 is divided by 19330.
5272
What is the remainder when 4516693 is divided by 9?
7
Calculate the remainder when 307458 is divided by 102454.
96
Calculate the remainder when 48826363 is divided by 55.
3
Calculate the remainder when 5724581 is divided by 130.
31
Calculate the remainder when 647956867 is divided by 187.
184
Calculate the remainder when 82991 is divided by 10360.
111
What is the remainder when 39748 is divided by 38626?
1122
What is the remainder when 111464 is divided by 31?
19
What is the remainder when 1948305 is divided by 29973?
60
Calculate the remainder when 12055393 is divided by 2009231.
7
Calculate the remainder when 5702323 is divided by 779.
43
Calculate the remainder when 11543308 is divided by 2317.
14
Calculate the remainder when 25728765 is divided by 8576216.
117
Calculate the remainder when 1370289 is divided by 288.
273
What is the remainder when 358673 is divided by 3514?
245
What is the remainder when 344413 is divided by 645?
628
What is the remainder when 31367 is divided by 124?
119
What is the remainder when 519774 is divided by 1756?
1754
Calculate the remainder when 3645988 is divided by 12153.
88
What is the remainder when 432314 is divided by 177?
80
Calculate the remainder when 67273078 is divided by 30.
28
Calculate the remainder when 218431 is divided by 24249.
190
What is the remainder when 287908 is divided by 725?
83
Calculate the remainder when 22858855 is divided by 36.
7
What is the remainder when 368668 is divided by 4057?
3538
Calculate the remainder when 1978795 is divided by 38.
21
What is the remainder when 419835 is divided by 335?
80
What is the remainder when 345063 is divided by 7120?
3303
Calculate the remainder when 92873287 is divided by 120.
7
What is the remainder when 1181090 is divided by 1834?
1828
What is the remainder when 1554500 is divided by 3134?
36
What is the remainder when 157003 is divided by 14?
7
What is the remainder when 1738404695 is divided by 57?
56
What is the remainder when 60090 is divided by 1401?
1248
Calculate the remainder when 107759 is divided by 17886.
443
What is the remainder when 907322 is divided by 302435?
17
What is the remainder when 19737 is divided by 16668?
3069
Calculate the remainder when 13709561 is divided by 909.
23
Calculate the remainder when 4861795 is divided by 307.
143
Calculate the remainder when 218437479 is divided by 662.
649
Calculate the remainder when 2485929 is divided by 29593.
117
What is the remainder when 367780 is divided by 142?
0
What is the remainder when 17224958 is divided by 5741650?
8
Calculate the remainder when 92252 is divided by 756.
20
Calculate the remainder when 35081 is divided by 10566.
3383
What is the remainder when 426604169 is divided by 2023?
2021
What is the remainder when 9450 is divided by 4141?
1168
What is the remainder when 542526 is divided by 64?
62
What is the remainder when 1678532 is divided by 2954?
660
What is the remainder when 1852980 is divided by 1136?
164
Calculate the remainder when 15156 is divided by 4007.
3135
What is the remainder when 390867 is divided by 10006?
633
What is the remainder when 21921015 is divided by 262?
261
Calculate the remainder when 19388 is divided by 4210.
2548
Calculate the remainder when 74646 is divided by 18379.
1130
What is the remainder when 63937133 is divided by 58?
21
Calculate the remainder when 17186048 is divided by 238695.
8
What is the remainder when 824324 is divided by 876?
8
What is the remainder when 135633 is divided by 4232?
209
Calculate the remainder when 254781 is divided by 12738.
21
Calculate the remainder when 4956145 is divided by 358.
351
Calculate the remainder when 345629 is divided by 16.
13
What is the remainder when 16379551 is divided by 543?
499
Calculate the remainder when 69059 is divided by 1015.
39
What is the remainder when 1425618 is divided by 274?
270
Calculate the remainder when 886549 is divided by 2985.
4
Calculate the remainder when 11543994 is divided by 4241.
4233
What is the remainder when 1791561 is divided by 447808?
329
What is the remainder when 340841 is divided by 567